4494)/(-749)?
0
Let d(h) = 4*h**2 + 105*h + 36. Let m be d(-26). Suppose 2978 = m*x - 3122. What is the tens digit of x?
1
Suppose 0 = 2*n + b - 660, 7*b - 2*b - 1655 = -5*n. Let w = n - 35. What is the hundreds digit of w?
2
Suppose 10*n + 3*c + 12288 = 13*n, -5*n + 20488 = -3*c. What is the units digit of n?
0
Let b(u) = -2045*u - 9. Let p be b(-2). Suppose -p = 68*n - 75*n. What is the hundreds digit of n?
5
Suppose s + 4683 = 5*p, 1292 + 8086 = -2*s - 2*p. Let j = 6676 + s. What is the hundreds digit of j?
9
Suppose 77*k + 12 = 81*k. Let t(m) = 5*m**3 - 8*m**2 + 3*m + 1. Let q be t(k). Suppose -2*i = -201 + q. What is the units digit of i?
4
Let j(a) = -57*a + 31. Let c be j(20). Let t = -749 - c. What is the hundreds digit of t?
3
Let j(t) = t**3 + 23*t**2 + 5*t - 6. Let c be j(-9). Let y = 1528 - c. What is the units digit of y?
5
Let v = 134 - 135. What is the units digit of 1023*(12/(-18) + v/(-1))?
1
Suppose -57*w + 53*w + 13970 = o, 2*w + 3*o - 6990 = 0. What is the units digit of w?
2
Let m(i) = -i**2 - 48*i + 39. Let a be m(-16). Suppose -916 = -5*g - 386. Suppose 0 = -3*f + a + g. What is the tens digit of f?
1
Let w = 65517 + -23768. What is the tens digit of w?
4
Suppose 301 = 4*z + 4*i - 7279, 2*z - 3788 = -i. What is the tens digit of z?
9
Suppose -511 - 93 = -2*x + 4*f, x - 5*f = 302. Let n = -28 + x. What is the hundreds digit of n?
2
Suppose 0 = 2*m + 5 + 9. Let z(x) = -x**2 - 6*x + 9. Let l be z(m). Suppose 2*i - u - 147 = 0, l*u = -5*i - 2*u + 400. What is the units digit of i?
6
Suppose 5*w - 5*a - 48865 = 195, -19621 = -2*w + a. What is the tens digit of w/6 - (-15)/90?
3
Suppose -5*p - 2*f - 1012 = 564, -1558 = 5*p - 4*f. Let z = 708 + p. What is the units digit of z?
4
Let p = 5782 + 23087. What is the units digit of p?
9
Let p(i) be the first derivative of i**4 - i**3/3 - i**2 + 9*i + 5. Let g be p(4). Let v = -155 + g. What is the tens digit of v?
8
Suppose 3*o - 5*f = 20, -5*o + 13 = -3*o - 3*f. Suppose -2*c = -o*b + 176, -b + 17 + 11 = -4*c. What is the units digit of (-24)/b - (-10)/6?
1
Suppose -5*r - 41 = -56. Suppose -4 = n, u + n + 619 = r*n. What is the tens digit of (6/24)/(3/(-4))*u?
0
Suppose -85*w = -74*w - 138204. What is the hundreds digit of w?
5
Let h be 24/36*165/(-10). Let b(r) be the second derivative of -r**5/20 - 11*r**4/12 - 4*r**3/3 - 13*r**2/2 - r. What is the tens digit of b(h)?
7
What is the hundreds digit of 22692 + -158 + -6*(3 + -2)?
5
Let r(i) = -847*i - 66. Let h be r(-4). Suppose 9*f - h = 10736. What is the units digit of f?
2
Let w = -17548 + 25638. What is the units digit of w?
0
Let u(j) = 2*j**3 + 54*j**2 - 154*j - 59. What is the tens digit of u(-29)?
4
Let b = 133 + -122. Let q(z) = -z**3 + 11*z**2 + 4*z - 17. Let r be q(b). Suppose -22*c + r*c = 465. What is the units digit of c?
3
Let t(o) = 11197*o - 232. What is the thousands digit of t(2)?
2
Suppose 0 = 20*g + 6*g - 158600. What is the thousands digit of g?
6
Suppose -5*h = 4*p + 3664, -4*h - 3*p = -7*h - 2220. Let a = h + 891. What is the hundreds digit of a?
1
Suppose v = 4*g - 4*v - 127, -2*g + 61 = -5*v. Let n be g/5 - 21/35. What is the units digit of (1416/(-32))/(n/(-8))?
9
Let a(x) = 11*x**3 - x**2 - 3*x + 3. Let r be 10/(-5) + (-5)/(-1). Let k be a(r). Suppose 6*o = 3*o + k. What is the tens digit of o?
9
Let a be (-7701)/(-27) + 4/(-18). Suppose 5*x + 281 + 4 = -4*b, -5*x = -2*b + a. Let z = -14 - x. What is the tens digit of z?
4
Suppose -2*k + 44 = 30, 20410 = d - 3*k. What is the tens digit of d?
3
Let w(k) = -k - 15. Let f be w(-17). Suppose p + 3*m + 33 = 2, 0 = -2*p + f*m - 46. Let q = 109 + p. What is the tens digit of q?
8
Let t(u) = -3*u - 8. Let q be t(-6). Suppose -d + 388 = 4*b, q*b = 4*d + 6*b - 1512. What is the units digit of d?
0
Let x = -15359 + 28628. What is the tens digit of x?
6
Suppose 47*u = 36*u - 18975. Let l = u + 2461. What is the tens digit of l?
3
Suppose -10*b = -137210 - 7520. What is the hundreds digit of b?
4
Let j = 75 - 72. Suppose 5*c + j*n = 640, -6*n - 5 = -5*n. What is the hundreds digit of c?
1
Let g = 51 + -9. Let n = g + -39. Suppose 13*b - n*b = 200. What is the units digit of b?
0
What is the tens digit of (-3526)/(-8) - 98/56?
3
Suppose -2*q - 98 = -2*k, -4*k + 141 = -k - q. Suppose -k = -3*n - 40. What is the tens digit of -2*n/16 + (-133)/(-4)?
3
Let z be (-76)/(-9) + (-48)/108. What is the units digit of (6/z)/(111/192844)?
3
Suppose -12*o - 42*o = -84736 - 414980. What is the tens digit of o?
5
Suppose -147225 = -65*w - 13455. What is the tens digit of w?
5
Suppose 2*c - 10*y = -6*y + 33742, -c = -4*y - 16859. What is the thousands digit of c?
6
Let m = -31709 + 45334. What is the thousands digit of m?
3
Let x(h) = 9*h**2 - 3*h - 4. Let c(d) = -d**2. Let m(k) = 2*c(k) + x(k). Let n be m(-1). Suppose -29*p - n = -32*p. What is the units digit of p?
2
Let n = -22 + 24. Suppose -i = -n*m - 3*i + 10, 3*m = 4*i - 13. Let z(y) = 19*y**3 + 3*y**2 - 2. What is the tens digit of z(m)?
2
Suppose 2*a - 6*a - 3*r + 76 = 0, -36 = -a - 5*r. Let t be 7/(441/(-36))*42/(-4). Suppose -t*v - a = -106. What is the tens digit of v?
1
Let s = -511 - -898. Suppose z - s = -109. What is the tens digit of z?
7
What is the units digit of 4/6*(-241 - -24988)?
8
Let j = -34 - -39. Let f(d) = 3*d**3 + 5*d**2 + 10*d - 9. Let b be f(j). Suppose 3*s - b = -202. What is the units digit of s?
3
Suppose 3*g + 4*a + 18 = g, 5*a = -20. What is the hundreds digit of (g + 2)*-389*(-29 + 28)?
3
Let x be (-2)/((-9)/(-60) + 8/(-20)). Let m be 48/x + 2*1. Suppose -2*v + 740 = m*v. What is the tens digit of v?
7
Let x be (-6)/15 - 1040/(-100). What is the units digit of 918/x + (-33)/(-165)?
2
Let q = -1293 + 1618. What is the hundreds digit of q?
3
Let z = 3673 + 6472. What is the thousands digit of z?
0
Let o(r) = 20*r + 12. Let y be (1 + 2 - -1)*(0 - -6). Let p = y + -18. What is the units digit of o(p)?
2
Let l = -22207 - -34538. What is the units digit of l?
1
Let n(r) = -4*r**3 - 15*r**2 - 17*r - 55. Let o be n(-10). Suppose p + 45 = 3*c + 588, 5*c = -5*p + o. What is the hundreds digit of p?
5
Suppose -15*d = -59693 - 11797. What is the tens digit of d?
6
Let s(j) = -j + 4. Let o be s(2). What is the hundreds digit of 225 + (3 - o) + 0?
2
Suppose -o + 4*n = -20, -2*o + 2 = -2*n - 20. Suppose -1622 = -o*g + 1058. What is the tens digit of g?
3
Suppose 14 = 5*l + 4. Suppose u = -l*o + 89, 0*u + 4*u = o + 374. What is the tens digit of u?
9
Let g be (0 - (-4)/6)/((-182)/(-3549)). Let d(a) = -2*a**2 + 93*a + 1. What is the units digit of d(g)?
2
Suppose -3*l + 27 = -5*u, 4*u = -25 + 13. Suppose -l*o = 2*x - o - 413, -219 = -x - 4*o. What is the tens digit of x?
9
What is the hundreds digit of 510015/115 + (-10)/(-115)?
4
Let x(h) = 11*h - 15. Let f be x(15). Let t(g) = -212*g**3 - 2*g**2 - 2*g - 1. Let w be t(-1). Let i = w - f. What is the tens digit of i?
6
Let a(k) = 227*k - 526. What is the tens digit of a(22)?
6
Let i be 3/(-2)*(-19)/((-513)/2664). Let m = i - -346. What is the units digit of m?
8
Let a(g) = 294*g - 911. What is the units digit of a(12)?
7
Let x(s) = 12*s + 20. Let a be (-6)/(-4)*(-20)/30 + 9. Let z be a/(-6) - (0 + 56/(-6)). What is the hundreds digit of x(z)?
1
Let m = 32740 + -14901. What is the tens digit of m?
3
Suppose -34 = -7*j - 55. Let o be (-6)/(1 + 2)*-5. What is the units digit of 5/o*6 - j?
6
Let c = 1469 + -229. Suppose 0 = -24*v + 1712 + c. What is the units digit of v?
3
Let t = 13581 + -3582. What is the units digit of t?
9
Suppose 3*x + 8 = 7*x. Suppose -7*j + 1835 = -x*j. What is the tens digit of j?
6
Let u be ((-1)/((-1)/(-9)))/(72/(-96)). Suppose 0*c + 3*c = u. Suppose c*g - 512 = 2*l, -9*l + 11*l - 128 = -g. What is the hundreds digit of g?
1
Suppose -3*g - 4 = 11. Let s(l) = -l**3 - 5*l**2 + l + 9. Let z be s(g). Suppose -3*p + p = -3*w - 25, 5*p - z*w - 80 = 0. What is the tens digit of p?
2
Suppose -8*g - 5*b + 2381 = -7*g, -4*b - 9500 = -4*g. What is the tens digit of g?
7
Suppose 55*w + 216920 = 75*w. What is the ten thousands digit of w?
1
Let m = 78904 - 39670. What is the units digit of m?
4
Let o(x) = 10*x**3 + 6*x**2 - 2*x - 8. Let k(b) = 11*b**3 + 7*b**2 - 3*b - 9. Let m(c) = 5*k(c) - 6*o(c). What is the hundreds digit of m(-4)?
3
Let n be (-2)